g(1). Determine h(j).
7
Let y be (-10)/(-15) - (-8)/6. Let g = y + -4. Let a(q) = -2 + 3 + q + q + 3*q**2 + q**3. Calculate a(g).
1
Let f(j) = 2*j - 25. Let k(u) = u - 13. Let h(z) = 4*f(z) - 7*k(z). What is h(6)?
-3
Let p(f) = f**3 + 6*f**2 + 4*f - 4. Let a be (-3)/(1*12/16). Give p(a).
12
Suppose 6*n - 3*n + 4*y - 34 = 0, n - 4*y + 10 = 0. Let s = n - 5. Let i(g) = g - 2*g + 4 - 2 + s. Calculate i(4).
-1
Suppose 2*s - 4*s = -4. Let w(y) be the second derivative of -2*y**3/3 - y**2 + 2*y. Calculate w(s).
-10
Let v = 0 + 4. Suppose p - v = 2*p. Let c(w) be the second derivative of -w**3/6 + 4*w. Calculate c(p).
4
Let r = -7 + 7. Let p be (2 - 1) + (r - -3). Let b(i) = p - 1 - 4*i**2 - 4. Calculate b(1).
-5
Let f(i) = i + 3. Let z(r) = r**3 + 5*r**2 - 6*r + 1. Let j be z(-6). Let k be j/2 - (-2)/(-4). Suppose -2*x = -k*x - 8. Calculate f(x).
7
Let j(m) = 2*m**2 - m**2 + 4*m**2 - 2*m + 1 + 2*m**2. Calculate j(1).
6
Let i(c) be the third derivative of -1/720*c**6 + 1/60*c**5 + 0 + 0*c**3 + 1/24*c**4 + 0*c - 3*c**2. Let k(z) be the second derivative of i(z). Calculate k(3).
-1
Let r(m) = -m**2 - 5*m - 3. Suppose 5 = 3*d - 4, 0 = 4*q + 5*d - 3. Give r(q).
3
Let q(z) = z**2 + 6*z - 2. Let l(c) = -c**2 + 5*c - 3. Let w(b) = 3*b**2 - 9*b + 6. Let s(v) = 5*l(v) + 2*w(v). Let y(i) = 4*q(i) - 3*s(i). What is y(-1)?
-1
Let l = 2 - 2. Let h(i) = -i + 5 - 3 + 3 + 0*i. Calculate h(l).
5
Let d(m) = 6*m. Let g = 7 - 4. Let l be -5 + g + (-2 - -2). What is d(l)?
-12
Let w(o) = -1 + 548*o - 276*o - 270*o. Determine w(2).
3
Let s(r) be the third derivative of 0*r - 1/12*r**4 + 1/2*r**3 + 0 + r**2. Give s(3).
-3
Let q(s) = 16*s**2 - 21*s + 15. Let t be (-2)/(-6)*(2 + 4). Let r(w) = 3*w**2 - 4*w + 3. Let m(n) = t*q(n) - 11*r(n). Determine m(3).
-6
Let v(i) = -4*i**2 + 2*i + 2. Let j(k) = -5*k**2 + 3*k + 3. Let r(p) = 5*j(p) - 6*v(p). Suppose -30 = 6*l - l. Let f = 10 + l. Calculate r(f).
-1
Let v(t) be the first derivative of t**4/4 - t**3/3 + 2*t + 26. Calculate v(2).
6
Let w(d) = 2 + 2*d**2 - d**2 - d**3 + 0*d**3 - d. Let s be w(0). Let f(h) = 1 + 9*h**2 + 0*h**2 - 10*h**2 - h. Give f(s).
-5
Let b(m) = -4*m + 10. Let u(s) = 3*s**2 + 11*s - 12. Let l be u(-5). Give b(l).
-22
Let y(n) = n**2 - 3*n - 4. Let g be y(4). Let q(t) = -5 + 3 + 3 - 2*t + g*t. Let h(f) = -f + 1. Let i(o) = -5*h(o) + 3*q(o). What is i(-4)?
2
Let x(u) = u + 42*u**2 + 5*u + 3*u - 41*u**2 + 10. What is x(-7)?
-4
Let i(u) be the third derivative of -3*u**2 - 3/8*u**4 - 4/3*u**3 - 1/60*u**5 + 0 + 0*u. Let f be i(-8). Let l(n) = n**3 + n**2 + n - 8. Give l(f).
-8
Let b(u) = -u**3 + 9*u**2 + 2*u - 19. Let f be b(9). Let y(o) = 9*o**2 + 2*o - 2. Let w(t) = 35*t**2 + 9*t - 9. Let n(r) = -2*w(r) + 9*y(r). Determine n(f).
11
Let u(j) = -5*j + 1. Let g be u(-1). Suppose 0 = -w - g + 2. Let k(z) be the second derivative of z**4/12 + 5*z**3/6 - z**2/2 - 3*z. What is k(w)?
-5
Let b(k) = k - 11. Let p(s) = -2*s + 10. Let y(c) = -5*b(c) - 4*p(c). Let z(a) = -a - 5. Let i(o) = -4*y(o) - 11*z(o). Suppose -4*q + 0*q = 0. Determine i(q).
-5
Let t(y) = 43*y. Let v be t(1). Let m(l) = l**2 + 43 - v - 7*l. Calculate m(6).
-6
Let k(n) = 3*n + 6. Let x(g) = -12*g - 13. Let j(m) = m. Let u(i) = 6*j(i) + x(i). Let q(t) = -5*k(t) - 2*u(t). Give q(-4).
8
Let k(o) = -o - 7. Let b be k(-10). Let q(h) = 26*h**3 + h**2 - 12*h**3 + 3 + b*h - 15*h**3. Let n = 6 + -3. Give q(n).
-6
Let g be (-1 + (-7)/(-5))/((-5)/(-75)). Let h(n) = -n**2 + 7*n - 4. Calculate h(g).
2
Let b(s) = -s**3 - 2 - 6 - 3. Suppose -2*f = -3*i - 11, -4*f + 0 - 8 = 4*i. Let a be (-2 - i) + -1 + 0. Determine b(a).
-11
Suppose 5*d + 8 = i, -3*i + 2*i + 4*d = -9. Let m(l) = -i*l + 14*l + 0 + 4. What is m(3)?
7
Let w(k) be the third derivative of -k**6/120 - k**5/12 + 5*k**4/24 - 7*k**3/6 - 2*k**2. Determine w(-6).
-1
Let f(q) = -6*q**3 + q**2 - q. Let i = -26 - -27. Determine f(i).
-6
Suppose -g = -3*i + 4*i, 4*i - g - 25 = 0. Suppose 3*h + i*x = 20, 6*x - 2*x - 16 = 3*h. Let m(t) = -t**2 + t. What is m(h)?
0
Let y(a) be the third derivative of -a**6/120 + a**5/15 + a**3/3 + 24*a**2. Determine y(4).
2
Let c(b) = b - 8. Let k(i) = 1. Let r(y) = c(y) + 6*k(y). Let d be (4 - 10) + 3 + 6. What is r(d)?
1
Let k(c) = -4 + 4 + c**2 + 3*c + 2. Let a(x) be the third derivative of 5*x**4/24 + x**3 - 7*x**2. Let q be a(-2). Determine k(q).
6
Suppose -3*g = -3*m - 3, 5*g - 29 = g - m. Let h(r) = 39*r - 20*r - 18*r - 5. What is h(g)?
1
Let h(z) be the first derivative of z**4/12 + z**3/3 + z**2/2 - 5*z + 5. Let x(o) be the first derivative of h(o). Give x(-1).
0
Let j(s) = s**3 + s + 2. Let n be j(0). Let h(r) = 1 + 0*r + 11*r**2 + 0 - r - 4*r**n. Give h(1).
7
Let i(h) = -h**2 + 5*h + 10. Let a(p) = -p**2 + 5*p. Let l be a(8). Let o = l - -31. What is i(o)?
-4
Let k(n) = -n**2 + 7*n - 8. Let m(p) = 3*p**2 - 20*p + 23. Let r(g) = -17*k(g) - 6*m(g). What is r(4)?
-14
Let z(v) = -2*v**3 + v**2 + 2*v + 1. Suppose 0 = 6*s - s. Let b be 1/(s + (-1)/(-5)). Suppose -2*n - 3*n - b = 0. Give z(n).
2
Let s(a) = a - 7. Let l(g) = 5*g - 29. Let b(y) = 2*l(y) - 9*s(y). Calculate b(6).
11
Suppose y + 18 = -4*x, 4*y - 6*x - 8 = -2*x. Let d(o) = o**2 + 4*o + 3. What is d(y)?
-1
Suppose -1 = 4*d - 9. Let n(f) = 3*f**2 - 16 - 5*f + d - 5*f. Let r(a) = a**2 - 5*a - 7. Let m(q) = 2*n(q) - 5*r(q). Determine m(-5).
7
Let c be (-1 - 0)*0 - 3. Let n(f) = -3 - 1 + 8 - 2*f**2 + 9*f. Let u(a) = a**2 - a. Let l(v) = n(v) + 3*u(v). Give l(c).
-5
Let k(c) = c**3 + 3*c**2 + 4*c + 3. Suppose -t + 4*q = -17, -t + 3*q + 0*q = -13. Let b = -3 + t. Give k(b).
-1
Let h(s) = 8 + s + 0*s - 2. Let f(k) = -k**3 + 3*k + 2. Let t be f(-2). Suppose 0 = 3*r - t*r. Determine h(r).
6
Let u = -7 - -12. Suppose -b + 3*w + 0 - u = 0, 5*w = 10. Let l(a) = b - 5*a + 5*a + 2*a + 10*a. Give l(-1).
-11
Let j(p) = -1 - 5*p**2 - 2 - p**3 + 4 - 2*p. Let a(c) = c + 5. Let v be a(0). Let n = v - 9. Give j(n).
-7
Suppose -9*c + 4 + 23 = 0. Let m be (-5)/(-3) + (-2)/(-6). Let w(i) = 4*i**m - 2 + 4 - 5*i**2. What is w(c)?
-7
Let x(u) be the third derivative of u**4/24 - 3*u**2. Let f(p) = 3*p**3 + p**2 + p - 1. Let q be 3/6 - 1/(-2). Let c be f(q). Determine x(c).
4
Let o = 3 - 0. Suppose o*f - 7 = 8. Let r(g) = -2*g**2 + 6*g - 5. Let a(n) = -n**2 + 3*n - 2. Let x(l) = 13*a(l) - 6*r(l). Determine x(f).
-6
Let g = -3 - 0. Let l(o) = 4*o - 3. Let c(d) = -9*d + 6. Let j(u) = -2*c(u) - 5*l(u). Calculate j(g).
9
Suppose 4*t - 17 = 19. Let n = 4 - t. Let w(q) = q**3 + 6*q**2 + 5*q - 2. Determine w(n).
-2
Suppose -4*n + 4*t - 4 = 0, 4*t = n - 10 + 2. Let q(u) = -2*u - 5 - 1 + 2. What is q(n)?
4
Let q(i) = 13*i - 3. Let h(k) = 32*k - 8. Suppose 55 = 4*r + 3*y + 22, 0 = -2*r - 5*y - 1. Let o(a) = r*q(a) - 5*h(a). Calculate o(3).
-8
Let f(x) = 2*x + 7. Let u(l) = -3*l - 8. Let c(r) = 4*f(r) + 3*u(r). Calculate c(7).
-3
Let v(l) = -l**2 + 5*l - 5. Suppose -32 = -4*t - 4. Let b(w) = w + 17. Let f be b(-15). Suppose f*s + 25 = t*s. Calculate v(s).
-5
Let n(v) = -v + 2. Suppose -2*m = 4*k - 16, -4 = -m - 3*k + 8. Suppose -h + 4 + 0 = m. What is n(h)?
-2
Let u be (-5)/(-10)*(2 + -6). Let c(s) = s**2 + 3*s - 1. What is c(u)?
-3
Let t(f) = -9*f. Let g be -2*2/(12/(-3)). Let q = -2 + g. Give t(q).
9
Let l(z) = -5*z**3 + 2*z**2 - 3*z + 1. Let i = 4 - -2. Let b(t) = -t**3 + t**2 - t + 1. Let j(m) = i*b(m) - l(m). Determine j(4).
-7
Suppose -5*x = 5*u + 5, u - 8 = -3*x - x. Suppose 2 = -3*m + g - 10, -g = x. Let l(z) = 4*z - 5. Let i(w) = -8*w + 9. Let j(q) = m*l(q) - 3*i(q). Give j(-2).
-10
Let l be 4/(-2) + (-2 - (-12)/(-4)). Let v(j) = j**3 + 8*j**2 + 8*j + 8. What is v(l)?
1
Let j(q) = -1 - 6 - 6*q**3 + 1 - 2*q + 5. Determine j(-1).
7
Let l(j) = j**3 - 3*j**2 - 10*j + 5. Let p(x) = 2*x**3 - 5*x**2 - 19*x + 10. Let u(c) = 11*l(c) - 6*p(c). Determine u(-4).
-5
Let k(i) = i**3 + i**2 + 8. Suppose 1 = -w - 4, -9 = 2*t - w. Let r(d) = d**2 + 10*d + 2. Let m be r(-9). Let v = t - m. Give k(v).
8
Let a(d) = -2*d**2 - d**3 + 7 + 2*d**3 + 3*d**2. Let r be (-2 + -3)/(1/2). Let p = r - -10. Determine a(p).
7
Let s(i) = 5*i + 2. Suppose 6 = -4*q - q - 4*y, -4*y + 12 = -4*q. Calculate s(q).
-8
Let t(g) = -g**3 - 2*g**2 + 4*g - 1. Let r = 55 + -59. Determine t(r).
15
Let v(k) = -k**2 + k**2 + 3 + k**2 - k**3 - 4*k + 9*k. What is v(-3)?
24
Suppose 5*f - 3 = 2. L